 0 - -11)?
-3
Calculate (5 - (2 + -4)) + -7.
0
Evaluate -3 + (-3 + 0 - (-1 - 1)).
-4
What is 18 + -13 + 0 + -3?
2
What is (0 - 0) + 5 + (0 - 2)?
3
What is (3 - 0) + (0 - 2) + 2?
3
What is the value of 3 - (1 + (1 - -5)) - -2?
-2
What is 1 - (-1 - (0 - (0 + -3)))?
5
Evaluate (-1 - -1) + 1 + (2 - 2).
1
5 - (10 + 0 + -13 + 8)
0
Calculate 5 - (9 + 5 + -5 - 4).
0
What is the value of -1 + -7 + 0 + (-89 - -99)?
2
Evaluate -4 + 15 + -3 + -3.
5
Calculate -17 - -15 - (-13 - 1) - 7.
5
What is the value of (-14 - -11) + 3 + -6 + 6?
0
What is 1 - -12 - (8 - -1)?
4
What is (-7 - (-8 - (-12 + 7))) + 5?
1
Calculate 7 + 0 + 0 + -4.
3
Evaluate -5 + 2 + 2 - (5 + -8).
2
Calculate -1 - ((-15 - -6) + 3).
5
Evaluate 2 + -5 + 2 + -3 + 2.
-2
Calculate 4 + (1 - -1 - 3) - 4.
-1
Calculate (-3 - (3 + -1 + -5)) + 3.
3
What is the value of -1 + 3 + 0 + -6 + 1?
-3
Calculate 8 + (4 + 0 - 7).
5
Calculate -8 + (-6 - (0 - 9)).
-5
Evaluate -3 - (1 - (1 - (0 + -2))).
-1
What is the value of -2 - 1 - (8 + -10)?
-1
1 + (-24 - -23 - (-6 + 1))
5
What is the value of -5 + (-8 - -17) + -5?
-1
What is the value of -6 + (5 - 5) - 2?
-8
What is the value of -14 + -7 + (7 - -7) + 4?
-3
Evaluate (-7 + 5 - 6) + 6.
-2
Evaluate ((2 - 5) + 11 - 16) + 6.
-2
What is the value of (-1 + 3 - -1) + -20 + 20?
3
What is (-3 - -4) + 3 + 1?
5
Evaluate 1 + 0 + -5 + 6.
2
-9 - (-6 + 1) - -11
7
Calculate (4 - (9 + -2)) + -1.
-4
Evaluate 9 - 2 - (17 + -11).
1
Evaluate 1 + -1 + -1 - (49 + -45).
-5
Calculate -22 + 12 - (-1 + -11).
2
(-1 - 1) + 5 - 3
0
Evaluate 0 - -3 - -2 - 12.
-7
What is the value of -7 + -14 + 12 + 10?
1
Calculate 6 + 2 + (-3 - 7 - -6).
4
-1 + 1 + 1 + -1 + -3
-3
Calculate -6 + (7 + -9 + 6 - 0).
-2
Calculate 6 - ((-3 - (-2 + -1)) + 3).
3
What is the value of -13 + 1 - (-3 + -2 + 0)?
-7
Evaluate -5 + (9 - 4) - (3 - -1).
-4
What is the value of (8 + -17 - -3) + -2?
-8
9 - 15 - (-6 - (-1 - -3))
2
Evaluate 6 - (-4 - -3) - 9 - 2.
-4
Evaluate 2 + -3 + -9 + 20.
10
What is -10 + 18 + (-11 - -2)?
-1
What is the value of (-4 - 1 - (5 - 6)) + 1?
-3
-11 + (18 - 7) + -5
-5
What is the value of (5 - 4) + (4 + -1 - -1)?
5
What is the value of 6 - (2 - 8) - 12?
0
What is 8 - 2 - -2 - 2?
6
What is (-2 - -1 - -10) + -114 + 110?
5
Calculate -2 + (1 - (1 - -2)).
-4
What is the value of -4 + -6 + (-2 - -4) + 0?
-8
Calculate (0 - (8 - (-6 + 13))) + 3.
2
Calculate (5 - 14) + 26 + -11.
6
Calculate -1 - (2 - (-2 - 0)) - -8.
3
-3 - (2 + -9 + 3)
1
Calculate (-8 - (-1 + -4)) + 14.
11
What is the value of -1 + (6 - (-4 - -16)) + 6?
-1
Evaluate -2 + (-2 - -3) + (1 - -4).
4
Evaluate 3 + (1 - 10) + 14.
8
Calculate (-2 - 0) + 3 - 1.
0
What is (-4 - -2 - 5) + -5 + 8?
-4
Evaluate -4 - (-5 - -3 - 0).
-2
What is the value of (-2 - 1) + 1 + -4 + 5?
-1
What is the value of -12 + 13 - (1 - 2)?
2
What is the value of 38 + -42 - (0 + 2 + -8)?
2
What is the value of 3 + (4 - -1 - (32 + -27))?
3
Calculate (-1 - (3 - 1)) + 1.
-2
0 - 2 - (4 - 7)
1
What is 1 - (3 + 1) - -2?
-1
What is the value of 0 + (0 - -5) + -2 + 0?
3
(4 - (-5 + -5 + 11)) + 4
7
What is -2 - (0 - (-5 + -1 + 3))?
-5
-10 + 6 + (1 - 1)
-4
Evaluate 1 + (0 - (0 + 6)).
-5
Calculate 0 - 0 - (-9 - -9).
0
Evaluate 2 - 6 - (-38 - -34).
0
Calculate (6 - (5 + 4)) + -3.
-6
What is (-7 - (-2 - 0)) + (3 - 0)?
-2
What is the value of -1 + (4 - -2) + -3?
2
-7 - (4 + -6) - 0
-5
Calculate (1 - (5 - 1) - -1) + 2.
0
-1 + (2 - (12 - 6)) + 2
-3
Calculate -1 + (-8 - -8 - 4) - 2.
-7
-119 - -117 - (-3 - (3 - 2))
2
3 + -7 - (8 + (9 - 22))
1
Evaluate 5 + 4 + -5 + -6.
-2
Calculate -10 + 18 + -5 + (0 - 0).
3
Calculate -2 - (1 - 7 - -4).
0
Calculate -6 + (1 - 1) + (10 - 9).
-5
7 - 0 - (-51 - -64)
-6
What is (-7 - (-15 + 5)) + (1 - 1)?
3
Evaluate (-1 - 1) + (-9 - -7).
-4
What is (1 - (0 - 2 - 1)) + -1?
3
Evaluate (-12 - -4 - -4) + -6 + 5.
-5
What is (-2 - -1) + (0 - 1)?
-2
-3 + -5 + 5 + 8 - 10
-5
Evaluate -11 - 2 - (-93 + 76).
4
Evaluate 3 + (2 - (-5 - -15)).
-5
Evaluate 7 + (-4 - (1 - (4 + -1))).
5
Evaluate -8 - -4 - (3 - 1 - 2).
-4
What is the value of 3 - (6 - 2 - -5) - -3?
-3
Calculate 0 - (-9 - -6 - (-1 - 4)).
-2
4 - (-5 + (1 - -3))
5
Evaluate -3 + 2 + -4 - (2 - 6).
-1
Calculate 2 + -11 + -31 + 40.
0
Calculate (-7 - -1) + (14 - 8 - 5).
-5
-5 + 3 + 10 + -9 + 3
2
Calculate 2 + (-3 - (-4 - -5)) - 5.
-7
What is the value of -1 - (2 + -12 + (0 - -3))?
6
7 + -1 + -8 + -1
-3
Evaluate -17 - -7 - -6 - -8.
4
-3 + 1 + 9 + -7
0
What is the value of -2 + (6 - 4) - (1 - -1)?
-2
Calculate (11 - 14) + -2 + 4.
-1
Calculate (-6 - (-1 - 4)) + (1 - -1).
1
What is -4 + 13 + -4 - 1?
4
What is -11 + 7 + 7 + -8?
-5
0 + 0 - (2 + -5)
3
7 + (-1 - 6) + (-51 - -43)
-8
-10 - ((8 - 4) + -8)
-6
Calculate (-1 - -1 - -8) + -6.
2
What is the value of -28 + 33 - (0 - 1 - -5)?
1
Calculate 8 - (6 + -9 + 4).
7
What is -5 - -11 - 7 - -4?
3
Evaluate -6 + (5 - -6) + (-7 - 3).
-5
Evaluate -2 + (0 + -2 - (-1 - 4)).
1
Evaluate 6 + -4 + 2 + -1.
3
77 - 77 - (3 + 3 - 0)
-6
(8 - -1) + (85 - 102)
-8
What is the value of -7 + (0 - (1 + -5))?
-3
Calculate 9 + -3 + 10 - 12.
4
Evaluate (-7 - (-5 + 2)) + (0 - 1).
-5
What is -3 + 0 - (-4 + 5 + -4)?
0
Calculate 2 + 0 + -4 + 6 + -11.
-7
What is the value of -1 + 6 + -3 + (-1 - 3)?
-2
What is the value of (0 - (1 - 5)) + -4?
0
What is (0 - 3) + -1 + -17 + 15?
-6
Calculate 0 + (-3 + 0 + 0 - -1).
-2
What is the value of (0 - -7) + (41 - 51)?
-3
Calculate 0 - -2 - (8 + -5).
-1
Evaluate 2 - 1 - -4 - 4.
1
What is (-5 - -9) + 1 + -1?
4
(-1 - -3) + 7 + -4
5
Calculate 12 + -25 + 5 + 3.
-5
Evaluate -9 + -1 + 30 + -12.
8
Evaluate -6 + (-2 - (-3 + 0)).
-5
-4 + (13 - (3 - -2))
4
What is the value of -1 + (-3 - -5) + 0?
1
What is 1 + -3 - (19 + -20)?
-1
What is the value of 10 + -7 + (-3 + 1 - 6)?
-5
What is the value of -38 + 38 + (2 - (-1 + 0))?
3
Evaluate -8 + (6 - 5 - -3) + -2.
-6
What is 2 - 16 - (-13 + -9 - -18)?
-10
What is (3 - 3) + 12 - (-23 - -27)?
8
What is 3 - (-5 + 12 + -3)?
-1
Calculate -1 - (2 + -8) - 1.
4
What is (20 - (24 + -10)) + -4?
2
What is the value of 6 + -8 - (-1 + -4)?
3
What is -5 - 0 - (35 - 36) - -6?
2
(1 - (-4 - 0)) + (0 - 3)
2
Calculate 46 - 37 - (1 - -3).
5
Evaluate (3 - -1) + -2 + -3.
-1
Calculate -1 + 3 + (3 + -6 - 0).
-1
(5 + 3 - 6) + 2
4
What is the value of (-3 - 0) + (-4 - (-5 + 0))?
-2
What is 0 + (0 - 1) + 2?
1
12 + (-4 + -10 + 6 - -3)
7
What is the value of 2 - (11 - (11 + -5))?
-3
1 - (-1 + 0) - (18 - 20)
4
What is -2 - -8 - (-2 + 5)?
3
-60 + 47 + 9 + -1
-5
What is the value of 0 - -5 - (-3 - (11 + -17))?
2
What is -10 - -12 - (2 + -6)?
6
What is the value of 0 - ((4 - 10) + 19 + -4)?
-9
What is 2 + 2 + (3 - (2 + 2))?
3
What is the value of 4 + -7 + 0 + 0 + 4?
1
What is -8 + 0 + 7 - 2 - -7?
4
What is the value of 1 - 0 - (2 + 1) - 3?
-5
What is the value of -4 + (0 + 13 - 18)?
-9
Evaluate (1 - 2) + 2 + (4 - 6).
-1
What is (-44 - -49) + (-3 - 1)?
1
What is 4 - (4 + -1) - -4 - 3?
2
What is the value of (-7 - -10) + -2 + -10 - -5?
-4
Evaluate (6 - (6 - 6)) + -9.
-3
Evaluate (2 - 1) + -1 + 4 + -8.
-4
What is the value of 2 + -6 - (-5 + 0)?
1
What is -5 - (3 + 0 + -5 + -2)?
-1
What is -3 + (0 + -2 - -1 - 0)?
-4
(-24 - -17) + (-2 - -4)
-5
4 + -1 + (-4 - -8 - 5)
2
(-1 - 2) + 4 + -3 + 2
0
What is 8 - (0 + 10 + 2)?
-4
Calculate (15 - 18) + (-4 - (-17 + 1)).
9
What is (-3 - 11) + 20 + -7?
-1
Calculate 11 + (-8 + -9 - -9).
3
Evaluate -1 + 1 - (-3 + -1 + 5).
-1
Evaluate -3 + 10 + (17 - 21).
3
Evaluate (0 - 4) + -6 + (10 - 2).
-2
6 + (-5 - 2) - 0
-1
Evaluate 1 + (3 - 6) + -1 - -7.
4
What is the value of -12 + 11 + 4 + -2 + -6?
-5
Evaluate 6 - (0 + 2 + 6 + -3).
1
What is -10 - (6 + -16 - 4)?
4
What is the value of 1 + 3 - ((-8 - -4) + 5)?
3
Calculate -7 - (-8 + 4 + 1).
-4
Calculate -7 - (12 + (-14 - -2)).
-7
Evaluate -2 - 7 - -1 - -6.
-2
What is the value of -2 + 7 - ((8 - 8) + 6)?
-1
What is the value of 5 - 6 - -3 - 7?
-5
What is (-9 - (-3 + -1)) + (-1 - -2)?
-4
12 + -11 + (7 - 2) + -2
4
Evaluate (4 - (0 - -1) - -4) + -2.
5
Evaluate -11 - 2 - -10 - (1 + 2).
-6
Evaluate 0 - -10 - (-15 - -19) - 8.
-2
-10 + -2 + -4 + 7 + 7
-2
What is the value of (-4 + 1 - 2) + -1?
-6
What is -1 + (28 - 20) + (1 - 3)?
5
What is the value of -3 + 0 + 1 - (-3 + -2)?
3
11 + -14 - (-5 + 0)
2
Evaluate 3 + (1 - (-4 + 5)).
3
Evaluate (-3 - 0) + -11 + 9.
-5
What is the value of 9 + -6 + -4 + 1?
0
What is the v